{"id":19049,"date":"2022-05-13T03:13:37","date_gmt":"2022-05-13T03:13:37","guid":{"rendered":"https:\/\/observatoryfordefenders.org\/?page_id=19049"},"modified":"2023-10-26T18:28:49","modified_gmt":"2023-10-26T18:28:49","slug":"fr-about-the-observatory","status":"publish","type":"page","link":"https:\/\/observatoryfordefenders.org\/fr\/fr-about-the-observatory\/","title":{"rendered":"\u00c0 propos de l&#8217;Observatoire"},"content":{"rendered":"\n<p>L&#8217;Observatoire pour la protection des d\u00e9fenseurs des droits humains est un partenariat unique cr\u00e9\u00e9 entre la <a href=\"https:\/\/www.fidh.org\/en\">F\u00e9d\u00e9ration Internationale pour les droits humains<\/a> (FIDH) et l&#8217;<a href=\"https:\/\/www.omct.org\/\">Organisation Mondiale Contre la Torture<\/a> (OMCT) en 1997.<\/p>\n\n<h2 class=\"wp-block-heading\" id=\"our-mission\"><strong>Qui sont les d\u00e9fenseur.es des droits humains ?<\/strong><\/h2>\n\n<p><em>Le terme &#8220;d\u00e9fenseur.e des droits humains d\u00e9signe toute personne qui, individuellement ou en association avec d&#8217;autres, agit pacifiquement au nom d&#8217;individus ou de groupes, pour promouvoir, d\u00e9fendre et prot\u00e9ger les droits humains et les libert\u00e9s fondamentales reconnu.es par la D\u00e9claration universelle des droits de l&#8217;homme, et garanti.es par divers instruments internationaux relatifs aux droits humains. En raison de leur engagement actif dans la d\u00e9fense des droits humains, les d\u00e9fenseur.es sont expos\u00e9.es \u00e0 des actes de repr\u00e9sailles, de harc\u00e8lement et de violation de leurs droits par des acteurs \u00e9tatiques et non \u00e9tatiques. <\/em><\/p>\n\n<p><em>La D\u00e9claration des Nations unies sur les d\u00e9fenseurs des droits de l&#8217;homme, adopt\u00e9e par l&#8217;Assembl\u00e9e g\u00e9n\u00e9rale des Nations unies le 9 d\u00e9cembre 1998, souligne le droit des individus &#8220;de promouvoir et de lutter pour la protection et la r\u00e9alisation des droits de l&#8217;homme et des libert\u00e9s fondamentales aux niveaux national et international&#8221;, ainsi que la responsabilit\u00e9 et le devoir des \u00c9tats de &#8220;prot\u00e9ger, promouvoir et mettre en \u0153uvre tous les droits de l&#8217;homme et toutes les libert\u00e9s fondamentales&#8221;.<\/em><\/p>\n\n<h2 class=\"wp-block-heading\" id=\"more-information-about-this\"><strong>Notre mission<\/strong><\/h2>\n\n<p>La mission de l&#8217;Observatoire est de garantir une protection et un soutien efficaces aux personnes expos\u00e9es au harc\u00e8lement en raison de leurs activit\u00e9s pacifiques en faveur des droits humains, o\u00f9 qu&#8217;elles se trouvent, quel que soit leur domaine d&#8217;activit\u00e9 sp\u00e9cifique &#8211; qu&#8217;il s&#8217;agisse de membres d&#8217;ONG, de d\u00e9fenseur.es des droits des femmes, d&#8217;avocats, de journalistes, de dirigeants syndicaux, de d\u00e9fenseur.es des droits fonciers et environnementaux, de militant.es LGBTQIA+, de d\u00e9fenseur.es des droits des personnes migrantes, de militant.es anti-corruption ou de simples citoyen.nes d\u00e9fendant les droits humains.<\/p>\n\n<p>L&#8217;objectif de l&#8217;Observatoire est de faire en sorte que les voix de tou.tes les d\u00e9fenseur.es des droits humains soient entendues, et que leur isolement et leur marginalisation soient bris\u00e9s.<\/p>\n\n<p>La strat\u00e9gie globale de protection de l&#8217;Observatoire comprend un large \u00e9ventail d&#8217;actions transversales pour r\u00e9pondre aux exigences et \u00e0 la sp\u00e9cificit\u00e9 de chaque situation, notamment la pr\u00e9vention et l&#8217;alerte pr\u00e9coce sur les situations dangereuses, la sensibilisation des d\u00e9cideurs politiques et du grand public, le renforcement des capacit\u00e9s des d\u00e9fenseurs des droits humains, en leur fournissant une assistance directe, et le soutien aux groupes locaux pour leur permettre de poursuivre leur action dans des environnements hostiles. L&#8217;Observatoire a jou\u00e9 un r\u00f4le important dans l&#8217;inscription de la protection des d\u00e9fenseur.es \u00e0 l&#8217;ordre du jour des Nations unies et des organisations intergouvernementales r\u00e9gionales en Afrique, dans les Am\u00e9riques et en Europe.<\/p>\n\n<p>En 2015, la FIDH et l&#8217;OMCT, conjointement avec 10 autres ONG internationales et r\u00e9gionales, ont lanc\u00e9 <a href=\"https:\/\/protectdefenders.eu\/\">ProtectDefenders.eu<\/a>, le m\u00e9canisme de d\u00e9fense des droits de l&#8217;homme de l&#8217;Union europ\u00e9enne mis en \u0153uvre par la soci\u00e9t\u00e9 civile internationale.<\/p>\n\n<p><\/p>\n\n<div class=\"wp-block-buttons is-layout-flex wp-block-buttons-is-layout-flex\">\n<div class=\"wp-block-button aligncenter\"><a class=\"wp-block-button__link\" href=\"https:\/\/landing.mailerlite.com\/webforms\/landing\/h1i6e7\">Abonnez-vous \u00e0 la liste de diffusion de l&#8217;Observatoire !<\/a><\/div>\n<\/div>\n\n<h2 class=\"wp-block-heading\" id=\"another-section\">\u00c0 propos de la FIDH et de l&#8217;OMCT<\/h2>\n\n<p><strong>La F\u00e9d\u00e9ration internationale pour les droits humains (FIDH)<\/strong> est une ONG internationale de d\u00e9fense des droits humains qui unit 188 organisations membres dans 117 pays. Depuis sa fondation en 1922, la FIDH d\u00e9fend tous les droits civils, politiques, \u00e9conomiques, sociaux et culturels \u00e9nonc\u00e9s dans la D\u00e9claration universelle des droits de l&#8217;homme (DUDH).<\/p>\n\n<p>L&#8217;<strong>Organisation mondiale contre la torture (OMCT)<\/strong> est le plus grand groupe mondial d&#8217;ONG qui s&#8217;oppose activement \u00e0 la torture et prot\u00e8ge les d\u00e9fenseur.es des droits humains en danger dans le monde entier. Elle compte plus de 200 membres dans 90 pays.<\/p>\n\n<p><\/p>\n\n<h2 class=\"wp-block-heading\">Bailleurs<\/h2>\n\n<p>Ce site web et cette base de donn\u00e9es ainsi que le travail quotidien de l&#8217;Observatoire sont rendus possibles gr\u00e2ce au soutien essentiel des institutions suivantes : <\/p>\n\n<p>FIDH : <em>Agence fran\u00e7aise de d\u00e9veloppement<\/em> (AFD), Union Europ\u00e9enne (UE), Fondation Nicolas Puech, Fondation <em>Yo et Anne-Marie Hamoud<\/em>, <em>Organisation internationale de la Francophonie<\/em> (OIF), <em>Mairie de Paris<\/em><\/p>\n\n<p>OMCT : la R\u00e9publique et Canton de Gen\u00e8ve, le D\u00e9partement f\u00e9d\u00e9ral des affaires \u00e9trang\u00e8res de la Suisse, l&#8217;Union europ\u00e9enne, le Minist\u00e8re des affaires \u00e9trang\u00e8res de la Finlande.<\/p>\n\n<p>Les contenus publi\u00e9s dans ce cadre rel\u00e8vent de la seule responsabilit\u00e9 de la FIDH et de l&#8217;OMCT et ne doivent en aucun cas \u00eatre interpr\u00e9t\u00e9s comme refl\u00e9tant les vues de ces organisations de soutien.<\/p>\n\n<div class=\"wp-block-uagb-container uagb-block-97627c0a alignfull uagb-is-root-container\"><div class=\"uagb-container-inner-blocks-wrap\">\n<div class=\"wp-block-uagb-container uagb-block-4aa4056c\">\n<div class=\"wp-block-uagb-image uagb-block-3676da53 wp-block-uagb-image--layout-default wp-block-uagb-image--effect-static wp-block-uagb-image--align-none\"><figure class=\"wp-block-uagb-image__figure\"><a class=\"\" href=\"https:\/\/www.afd.fr\/fr\" target=\"\" rel=\"noopener\"><img decoding=\"async\" srcset=\"https:\/\/observatoryfordefenders.org\/wp-content\/uploads\/2022\/12\/AFD-1024x686.jpeg \" src=\"https:\/\/observatoryfordefenders.org\/wp-content\/uploads\/2022\/12\/AFD-1024x686.jpeg\" alt=\"\" class=\"uag-image-19562\" width=\"145\" height=\"96\" title=\"\" loading=\"lazy\"\/><\/a><\/figure><\/div>\n<\/div>\n\n\n\n<div class=\"wp-block-uagb-container uagb-block-16e9da32\">\n<div class=\"wp-block-uagb-image uagb-block-f00f2826 wp-block-uagb-image--layout-default wp-block-uagb-image--effect-static wp-block-uagb-image--align-none\"><figure class=\"wp-block-uagb-image__figure\"><a class=\"\" href=\"https:\/\/european-union.europa.eu\/index_en\" target=\"\" rel=\"noopener\"><img decoding=\"async\" srcset=\"https:\/\/observatoryfordefenders.org\/wp-content\/uploads\/2022\/12\/UE-logo.jpeg \" src=\"https:\/\/observatoryfordefenders.org\/wp-content\/uploads\/2022\/12\/UE-logo.jpeg\" alt=\"\" class=\"uag-image-19565\" width=\"126\" height=\"83\" title=\"\" loading=\"lazy\"\/><\/a><\/figure><\/div>\n<\/div>\n\n\n\n<div class=\"wp-block-uagb-container uagb-block-be387198\">\n<div class=\"wp-block-uagb-image uagb-block-5c23602b wp-block-uagb-image--layout-default wp-block-uagb-image--effect-static wp-block-uagb-image--align-none\"><figure class=\"wp-block-uagb-image__figure\"><a class=\"\" href=\"https:\/\/protectdefenders.eu\/\" target=\"\" rel=\"noopener\"><img decoding=\"async\" srcset=\"https:\/\/observatoryfordefenders.org\/wp-content\/uploads\/2022\/12\/PD.eu-logo.jpeg \" src=\"https:\/\/observatoryfordefenders.org\/wp-content\/uploads\/2022\/12\/PD.eu-logo.jpeg\" alt=\"\" class=\"uag-image-19568\" width=\"\" height=\"\" title=\"\" loading=\"lazy\"\/><\/a><\/figure><\/div>\n<\/div>\n\n\n\n<div class=\"wp-block-uagb-container uagb-block-a809cc04\">\n<div class=\"wp-block-uagb-image uagb-block-fd2275db wp-block-uagb-image--layout-default wp-block-uagb-image--effect-static wp-block-uagb-image--align-none\"><figure class=\"wp-block-uagb-image__figure\"><a class=\"\" href=\"https:\/\/www.ge.ch\/\" target=\"\" rel=\"noopener\"><img decoding=\"async\" srcset=\"https:\/\/observatoryfordefenders.org\/wp-content\/uploads\/2022\/12\/Geneve-logo.jpeg \" src=\"https:\/\/observatoryfordefenders.org\/wp-content\/uploads\/2022\/12\/Geneve-logo.jpeg\" alt=\"\" class=\"uag-image-19571\" width=\"167\" height=\"167\" title=\"\" loading=\"lazy\"\/><\/a><\/figure><\/div>\n<\/div>\n<\/div><\/div>\n","protected":false},"excerpt":{"rendered":"<p>L&#8217;Observatoire pour la protection des d\u00e9fenseurs des droits humains est un partenariat unique cr\u00e9\u00e9 entre la F\u00e9d\u00e9ration Internationale pour les droits humains (FIDH) et l&#8217;Organisation Mondiale Contre la Torture (OMCT) en 1997. Qui sont les d\u00e9fenseur.es des droits humains ? Le terme &#8220;d\u00e9fenseur.e des droits humains d\u00e9signe toute personne qui, individuellement ou en association avec [&hellip;]<\/p>\n","protected":false},"author":1,"featured_media":0,"parent":0,"menu_order":0,"comment_status":"closed","ping_status":"closed","template":"","meta":{"_acf_changed":false,"_editorskit_title_hidden":false,"_editorskit_reading_time":0,"_editorskit_is_block_options_detached":false,"_editorskit_block_options_position":"{}","inline_featured_image":false,"_uag_custom_page_level_css":"","site-sidebar-layout":"default","site-content-layout":"","ast-site-content-layout":"default","site-content-style":"default","site-sidebar-style":"default","ast-global-header-display":"","ast-banner-title-visibility":"","ast-main-header-display":"","ast-hfb-above-header-display":"","ast-hfb-below-header-display":"","ast-hfb-mobile-header-display":"","site-post-title":"","ast-breadcrumbs-content":"","ast-featured-img":"","footer-sml-layout":"","ast-disable-related-posts":"","theme-transparent-header-meta":"","adv-header-id-meta":"","stick-header-meta":"","header-above-stick-meta":"","header-main-stick-meta":"","header-below-stick-meta":"","astra-migrate-meta-layouts":"default","ast-page-background-enabled":"default","ast-page-background-meta":{"desktop":{"background-color":"var(--ast-global-color-4)","background-image":"","background-repeat":"repeat","background-position":"center center","background-size":"auto","background-attachment":"scroll","background-type":"","background-media":"","overlay-type":"","overlay-color":"","overlay-opacity":"","overlay-gradient":""},"tablet":{"background-color":"","background-image":"","background-repeat":"repeat","background-position":"center center","background-size":"auto","background-attachment":"scroll","background-type":"","background-media":"","overlay-type":"","overlay-color":"","overlay-opacity":"","overlay-gradient":""},"mobile":{"background-color":"","background-image":"","background-repeat":"repeat","background-position":"center center","background-size":"auto","background-attachment":"scroll","background-type":"","background-media":"","overlay-type":"","overlay-color":"","overlay-opacity":"","overlay-gradient":""}},"ast-content-background-meta":{"desktop":{"background-color":"var(--ast-global-color-5)","background-image":"","background-repeat":"repeat","background-position":"center center","background-size":"auto","background-attachment":"scroll","background-type":"","background-media":"","overlay-type":"","overlay-color":"","overlay-opacity":"","overlay-gradient":""},"tablet":{"background-color":"var(--ast-global-color-5)","background-image":"","background-repeat":"repeat","background-position":"center center","background-size":"auto","background-attachment":"scroll","background-type":"","background-media":"","overlay-type":"","overlay-color":"","overlay-opacity":"","overlay-gradient":""},"mobile":{"background-color":"var(--ast-global-color-5)","background-image":"","background-repeat":"repeat","background-position":"center center","background-size":"auto","background-attachment":"scroll","background-type":"","background-media":"","overlay-type":"","overlay-color":"","overlay-opacity":"","overlay-gradient":""}},"_FSMCFIC_featured_image_caption":"","_FSMCFIC_featured_image_nocaption":"","_FSMCFIC_featured_image_hide":"","footnotes":""},"class_list":["post-19049","page","type-page","status-publish","hentry"],"acf":[],"uagb_featured_image_src":{"full":false,"thumbnail":false,"medium":false,"medium_large":false,"large":false,"1536x1536":false,"2048x2048":false},"uagb_author_info":{"display_name":"observatory_admin","author_link":"https:\/\/observatoryfordefenders.org\/fr\/author\/observatory_admin\/"},"uagb_comment_info":0,"uagb_excerpt":"L&#8217;Observatoire pour la protection des d\u00e9fenseurs des droits humains est un partenariat unique cr\u00e9\u00e9 entre la F\u00e9d\u00e9ration Internationale pour les droits humains (FIDH) et l&#8217;Organisation Mondiale Contre la Torture (OMCT) en 1997. Qui sont les d\u00e9fenseur.es des droits humains ? Le terme &#8220;d\u00e9fenseur.e des droits humains d\u00e9signe toute personne qui, individuellement ou en association avec&hellip;","_links":{"self":[{"href":"https:\/\/observatoryfordefenders.org\/fr\/wp-json\/wp\/v2\/pages\/19049","targetHints":{"allow":["GET"]}}],"collection":[{"href":"https:\/\/observatoryfordefenders.org\/fr\/wp-json\/wp\/v2\/pages"}],"about":[{"href":"https:\/\/observatoryfordefenders.org\/fr\/wp-json\/wp\/v2\/types\/page"}],"author":[{"embeddable":true,"href":"https:\/\/observatoryfordefenders.org\/fr\/wp-json\/wp\/v2\/users\/1"}],"replies":[{"embeddable":true,"href":"https:\/\/observatoryfordefenders.org\/fr\/wp-json\/wp\/v2\/comments?post=19049"}],"version-history":[{"count":8,"href":"https:\/\/observatoryfordefenders.org\/fr\/wp-json\/wp\/v2\/pages\/19049\/revisions"}],"predecessor-version":[{"id":20996,"href":"https:\/\/observatoryfordefenders.org\/fr\/wp-json\/wp\/v2\/pages\/19049\/revisions\/20996"}],"wp:attachment":[{"href":"https:\/\/observatoryfordefenders.org\/fr\/wp-json\/wp\/v2\/media?parent=19049"}],"curies":[{"name":"wp","href":"https:\/\/api.w.org\/{rel}","templated":true}]}}

À propos de l&#8217;Observatoire

<p>L&#8217;Observatoire pour la protection des défenseurs des droits humains est un partenariat unique créé entre la <a href="https://www.fidh.org/en">Fédération Internationale pour les droits humains</a> (FIDH) et l&#8217;<a href="https://www.omct.org/">Organisation Mondiale Contre la Torture</a> (OMCT) en 1997.</p>

<h2 class="wp-block-heading" id="our-mission"><strong>Qui sont les défenseur.es des droits humains ?</strong></h2>

<p><em>Le terme &#8220;défenseur.e des droits humains désigne toute personne qui, individuellement ou en association avec d&#8217;autres, agit pacifiquement au nom d&#8217;individus ou de groupes, pour promouvoir, défendre et protéger les droits humains et les libertés fondamentales reconnu.es par la Déclaration universelle des droits de l&#8217;homme, et garanti.es par divers instruments internationaux relatifs aux droits humains. En raison de leur engagement actif dans la défense des droits humains, les défenseur.es sont exposé.es à des actes de représailles, de harcèlement et de violation de leurs droits par des acteurs étatiques et non étatiques. </em></p>

<p><em>La Déclaration des Nations unies sur les défenseurs des droits de l&#8217;homme, adoptée par l&#8217;Assemblée générale des Nations unies le 9 décembre 1998, souligne le droit des individus &#8220;de promouvoir et de lutter pour la protection et la réalisation des droits de l&#8217;homme et des libertés fondamentales aux niveaux national et international&#8221;, ainsi que la responsabilité et le devoir des États de &#8220;protéger, promouvoir et mettre en œuvre tous les droits de l&#8217;homme et toutes les libertés fondamentales&#8221;.</em></p>

<h2 class="wp-block-heading" id="more-information-about-this"><strong>Notre mission</strong></h2>

<p>La mission de l&#8217;Observatoire est de garantir une protection et un soutien efficaces aux personnes exposées au harcèlement en raison de leurs activités pacifiques en faveur des droits humains, où qu&#8217;elles se trouvent, quel que soit leur domaine d&#8217;activité spécifique &#8211; qu&#8217;il s&#8217;agisse de membres d&#8217;ONG, de défenseur.es des droits des femmes, d&#8217;avocats, de journalistes, de dirigeants syndicaux, de défenseur.es des droits fonciers et environnementaux, de militant.es LGBTQIA+, de défenseur.es des droits des personnes migrantes, de militant.es anti-corruption ou de simples citoyen.nes défendant les droits humains.</p>

<p>L&#8217;objectif de l&#8217;Observatoire est de faire en sorte que les voix de tou.tes les défenseur.es des droits humains soient entendues, et que leur isolement et leur marginalisation soient brisés.</p>

<p>La stratégie globale de protection de l&#8217;Observatoire comprend un large éventail d&#8217;actions transversales pour répondre aux exigences et à la spécificité de chaque situation, notamment la prévention et l&#8217;alerte précoce sur les situations dangereuses, la sensibilisation des décideurs politiques et du grand public, le renforcement des capacités des défenseurs des droits humains, en leur fournissant une assistance directe, et le soutien aux groupes locaux pour leur permettre de poursuivre leur action dans des environnements hostiles. L&#8217;Observatoire a joué un rôle important dans l&#8217;inscription de la protection des défenseur.es à l&#8217;ordre du jour des Nations unies et des organisations intergouvernementales régionales en Afrique, dans les Amériques et en Europe.</p>

<p>En 2015, la FIDH et l&#8217;OMCT, conjointement avec 10 autres ONG internationales et régionales, ont lancé <a href="https://protectdefenders.eu/">ProtectDefenders.eu</a>, le mécanisme de défense des droits de l&#8217;homme de l&#8217;Union européenne mis en œuvre par la société civile internationale.</p>

<p></p>

<div class="wp-block-buttons is-layout-flex wp-block-buttons-is-layout-flex">
<div class="wp-block-button aligncenter"><a class="wp-block-button__link" href="https://landing.mailerlite.com/webforms/landing/h1i6e7">Abonnez-vous à la liste de diffusion de l&#8217;Observatoire !</a></div>
</div>

<h2 class="wp-block-heading" id="another-section">À propos de la FIDH et de l&#8217;OMCT</h2>

<p><strong>La Fédération internationale pour les droits humains (FIDH)</strong> est une ONG internationale de défense des droits humains qui unit 188 organisations membres dans 117 pays. Depuis sa fondation en 1922, la FIDH défend tous les droits civils, politiques, économiques, sociaux et culturels énoncés dans la Déclaration universelle des droits de l&#8217;homme (DUDH).</p>

<p>L&#8217;<strong>Organisation mondiale contre la torture (OMCT)</strong> est le plus grand groupe mondial d&#8217;ONG qui s&#8217;oppose activement à la torture et protège les défenseur.es des droits humains en danger dans le monde entier. Elle compte plus de 200 membres dans 90 pays.</p>

<p></p>

<h2 class="wp-block-heading">Bailleurs</h2>

<p>Ce site web et cette base de données ainsi que le travail quotidien de l&#8217;Observatoire sont rendus possibles grâce au soutien essentiel des institutions suivantes : </p>

<p>FIDH : <em>Agence française de développement</em> (AFD), Union Européenne (UE), Fondation Nicolas Puech, Fondation <em>Yo et Anne-Marie Hamoud</em>, <em>Organisation internationale de la Francophonie</em> (OIF), <em>Mairie de Paris</em></p>

<p>OMCT : la République et Canton de Genève, le Département fédéral des affaires étrangères de la Suisse, l&#8217;Union européenne, le Ministère des affaires étrangères de la Finlande.</p>

<p>Les contenus publiés dans ce cadre relèvent de la seule responsabilité de la FIDH et de l&#8217;OMCT et ne doivent en aucun cas être interprétés comme reflétant les vues de ces organisations de soutien.</p>

<div class="wp-block-uagb-container uagb-block-97627c0a alignfull uagb-is-root-container"><div class="uagb-container-inner-blocks-wrap">
<div class="wp-block-uagb-container uagb-block-4aa4056c">
<div class="wp-block-uagb-image uagb-block-3676da53 wp-block-uagb-image--layout-default wp-block-uagb-image--effect-static wp-block-uagb-image--align-none"><figure class="wp-block-uagb-image__figure"><a class="" href="https://www.afd.fr/fr" target="" rel="noopener"><img decoding="async" srcset="https://observatoryfordefenders.org/wp-content/uploads/2022/12/AFD-1024x686.jpeg " src="https://observatoryfordefenders.org/wp-content/uploads/2022/12/AFD-1024x686.jpeg" alt="" class="uag-image-19562" width="145" height="96" title="" loading="lazy"/></a></figure></div>
</div>



<div class="wp-block-uagb-container uagb-block-16e9da32">
<div class="wp-block-uagb-image uagb-block-f00f2826 wp-block-uagb-image--layout-default wp-block-uagb-image--effect-static wp-block-uagb-image--align-none"><figure class="wp-block-uagb-image__figure"><a class="" href="https://european-union.europa.eu/index_en" target="" rel="noopener"><img decoding="async" srcset="https://observatoryfordefenders.org/wp-content/uploads/2022/12/UE-logo.jpeg " src="https://observatoryfordefenders.org/wp-content/uploads/2022/12/UE-logo.jpeg" alt="" class="uag-image-19565" width="126" height="83" title="" loading="lazy"/></a></figure></div>
</div>



<div class="wp-block-uagb-container uagb-block-be387198">
<div class="wp-block-uagb-image uagb-block-5c23602b wp-block-uagb-image--layout-default wp-block-uagb-image--effect-static wp-block-uagb-image--align-none"><figure class="wp-block-uagb-image__figure"><a class="" href="https://protectdefenders.eu/" target="" rel="noopener"><img decoding="async" srcset="https://observatoryfordefenders.org/wp-content/uploads/2022/12/PD.eu-logo.jpeg " src="https://observatoryfordefenders.org/wp-content/uploads/2022/12/PD.eu-logo.jpeg" alt="" class="uag-image-19568" width="" height="" title="" loading="lazy"/></a></figure></div>
</div>



<div class="wp-block-uagb-container uagb-block-a809cc04">
<div class="wp-block-uagb-image uagb-block-fd2275db wp-block-uagb-image--layout-default wp-block-uagb-image--effect-static wp-block-uagb-image--align-none"><figure class="wp-block-uagb-image__figure"><a class="" href="https://www.ge.ch/" target="" rel="noopener"><img decoding="async" srcset="https://observatoryfordefenders.org/wp-content/uploads/2022/12/Geneve-logo.jpeg " src="https://observatoryfordefenders.org/wp-content/uploads/2022/12/Geneve-logo.jpeg" alt="" class="uag-image-19571" width="167" height="167" title="" loading="lazy"/></a></figure></div>
</div>
</div></div>

<p>L&#8217;Observatoire pour la protection des défenseurs des droits humains est un partenariat unique créé entre la Fédération Internationale pour les droits humains (FIDH) et l&#8217;Organisation Mondiale Contre la Torture (OMCT) en 1997. Qui sont les défenseur.es des droits humains ? Le terme &#8220;défenseur.e des droits humains désigne toute personne qui, individuellement ou en association avec [&hellip;]</p>

L&#8217;Observatoire pour la protection des défenseurs des droits humains est un partenariat unique créé entre la Fédération Internationale pour les droits humains (FIDH) et l&#8217;Organisation Mondiale Contre la Torture (OMCT) en 1997. Qui sont les défenseur.es des droits humains ? Le terme &#8220;défenseur.e des droits humains désigne toute personne qui, individuellement ou en association avec&hellip;
