{"id":14357,"date":"2022-02-22T00:00:00","date_gmt":"2022-02-22T00:00:00","guid":{"rendered":"https:\/\/pods.local\/alert\/peru-confirmacion-de-la-condena-contra-jesus-mariano-cornejo-reynoso-y-jaime-de-la-cruz\/"},"modified":"2025-12-04T17:06:09","modified_gmt":"2025-12-04T17:06:09","slug":"peru-confirmacion-de-la-condena-contra-jesus-mariano-cornejo-reynoso-y-jaime-de-la-cruz","status":"publish","type":"alert","link":"https:\/\/observatoryfordefenders.org\/es\/alert\/peru-confirmacion-de-la-condena-contra-jesus-mariano-cornejo-reynoso-y-jaime-de-la-cruz\/","title":{"rendered":"Per\u00fa: Confirmaci\u00f3n de la condena contra Jes\u00fas Mariano Cornejo Reynoso y Jaime de la Cruz"},"featured_media":14358,"template":"","meta":{"_acf_changed":false,"_editorskit_title_hidden":false,"_editorskit_reading_time":0,"_editorskit_is_block_options_detached":false,"_editorskit_block_options_position":"{}","inline_featured_image":false,"_uag_custom_page_level_css":"","site-sidebar-layout":"default","site-content-layout":"default","ast-site-content-layout":"default","site-content-style":"default","site-sidebar-style":"default","ast-global-header-display":"","ast-banner-title-visibility":"","ast-main-header-display":"","ast-hfb-above-header-display":"","ast-hfb-below-header-display":"","ast-hfb-mobile-header-display":"","site-post-title":"","ast-breadcrumbs-content":"","ast-featured-img":"","footer-sml-layout":"","ast-disable-related-posts":"","theme-transparent-header-meta":"default","adv-header-id-meta":"","stick-header-meta":"default","header-above-stick-meta":"","header-main-stick-meta":"","header-below-stick-meta":"","astra-migrate-meta-layouts":"set","ast-page-background-enabled":"default","ast-page-background-meta":{"desktop":{"background-color":"var(--ast-global-color-4)","background-image":"","background-repeat":"repeat","background-position":"center center","background-size":"auto","background-attachment":"scroll","background-type":"","background-media":"","overlay-type":"","overlay-color":"","overlay-opacity":"","overlay-gradient":""},"tablet":{"background-color":"","background-image":"","background-repeat":"repeat","background-position":"center center","background-size":"auto","background-attachment":"scroll","background-type":"","background-media":"","overlay-type":"","overlay-color":"","overlay-opacity":"","overlay-gradient":""},"mobile":{"background-color":"","background-image":"","background-repeat":"repeat","background-position":"center center","background-size":"auto","background-attachment":"scroll","background-type":"","background-media":"","overlay-type":"","overlay-color":"","overlay-opacity":"","overlay-gradient":""}},"ast-content-background-meta":{"desktop":{"background-color":"var(--ast-global-color-5)","background-image":"","background-repeat":"repeat","background-position":"center center","background-size":"auto","background-attachment":"scroll","background-type":"","background-media":"","overlay-type":"","overlay-color":"","overlay-opacity":"","overlay-gradient":""},"tablet":{"background-color":"var(--ast-global-color-5)","background-image":"","background-repeat":"repeat","background-position":"center center","background-size":"auto","background-attachment":"scroll","background-type":"","background-media":"","overlay-type":"","overlay-color":"","overlay-opacity":"","overlay-gradient":""},"mobile":{"background-color":"var(--ast-global-color-5)","background-image":"","background-repeat":"repeat","background-position":"center center","background-size":"auto","background-attachment":"scroll","background-type":"","background-media":"","overlay-type":"","overlay-color":"","overlay-opacity":"","overlay-gradient":""}},"_FSMCFIC_featured_image_caption":"","_FSMCFIC_featured_image_nocaption":"","_FSMCFIC_featured_image_hide":""},"action_category":[],"impact":[],"violation_author":[],"violation":[1475,1098,1102],"class_list":["post-14357","alert","type-alert","status-publish","has-post-thumbnail","hentry","violation-criminalisation","violation-restrictions-on-freedom-of-peaceful-assembly","violation-sentencing"],"acf":[],"uagb_featured_image_src":{"full":["https:\/\/observatoryfordefenders.org\/wp-content\/uploads\/2022\/09\/Valle-del-Tambo_807349237a62c113cb6ba73378f90d7e-1.jpg",702,468,false],"thumbnail":["https:\/\/observatoryfordefenders.org\/wp-content\/uploads\/2022\/09\/Valle-del-Tambo_807349237a62c113cb6ba73378f90d7e-1-150x150.jpg",150,150,true],"medium":["https:\/\/observatoryfordefenders.org\/wp-content\/uploads\/2022\/09\/Valle-del-Tambo_807349237a62c113cb6ba73378f90d7e-1-300x200.jpg",300,200,true],"medium_large":["https:\/\/observatoryfordefenders.org\/wp-content\/uploads\/2022\/09\/Valle-del-Tambo_807349237a62c113cb6ba73378f90d7e-1.jpg",702,468,false],"large":["https:\/\/observatoryfordefenders.org\/wp-content\/uploads\/2022\/09\/Valle-del-Tambo_807349237a62c113cb6ba73378f90d7e-1.jpg",702,468,false],"1536x1536":["https:\/\/observatoryfordefenders.org\/wp-content\/uploads\/2022\/09\/Valle-del-Tambo_807349237a62c113cb6ba73378f90d7e-1.jpg",702,468,false],"2048x2048":["https:\/\/observatoryfordefenders.org\/wp-content\/uploads\/2022\/09\/Valle-del-Tambo_807349237a62c113cb6ba73378f90d7e-1.jpg",702,468,false]},"uagb_author_info":{"display_name":"observatory_admin","author_link":"https:\/\/observatoryfordefenders.org\/es\/author\/"},"uagb_comment_info":0,"uagb_excerpt":null,"_links":{"self":[{"href":"https:\/\/observatoryfordefenders.org\/es\/wp-json\/wp\/v2\/alert\/14357","targetHints":{"allow":["GET"]}}],"collection":[{"href":"https:\/\/observatoryfordefenders.org\/es\/wp-json\/wp\/v2\/alert"}],"about":[{"href":"https:\/\/observatoryfordefenders.org\/es\/wp-json\/wp\/v2\/types\/alert"}],"wp:featuredmedia":[{"embeddable":true,"href":"https:\/\/observatoryfordefenders.org\/es\/wp-json\/wp\/v2\/media\/14358"}],"wp:attachment":[{"href":"https:\/\/observatoryfordefenders.org\/es\/wp-json\/wp\/v2\/media?parent=14357"}],"wp:term":[{"taxonomy":"action_category","embeddable":true,"href":"https:\/\/observatoryfordefenders.org\/es\/wp-json\/wp\/v2\/action_category?post=14357"},{"taxonomy":"impact","embeddable":true,"href":"https:\/\/observatoryfordefenders.org\/es\/wp-json\/wp\/v2\/impact?post=14357"},{"taxonomy":"violation_author","embeddable":true,"href":"https:\/\/observatoryfordefenders.org\/es\/wp-json\/wp\/v2\/violation_author?post=14357"},{"taxonomy":"violation","embeddable":true,"href":"https:\/\/observatoryfordefenders.org\/es\/wp-json\/wp\/v2\/violation?post=14357"}],"curies":[{"name":"wp","href":"https:\/\/api.w.org\/{rel}","templated":true}]}}

Perú: Confirmación de la condena contra Jesús Mariano Cornejo Reynoso y Jaime de la Cruz
